) be the third derivative of -1/24*d**4 + d**2 + 0 - 3/2*d**3 + 0*d. Let i be g(-10). What is the highest common divisor of i and 8?
1
Suppose 30 + 30 = 6*m. What is the highest common divisor of 70 and m?
10
Suppose 0 = 2*m - 3 + 1. Let u be ((-4)/(-4))/(m + 0). Calculate the highest common divisor of 5 and u.
1
Suppose 3*o - 93 = -3*b, 3*b + 0*b = 4*o + 72. Let y = 10 + -6. Calculate the highest common factor of b and y.
4
Suppose 2*k - j - 2 = -7, 15 = -3*k + 3*j. Suppose -t + 9 = -k. Calculate the highest common factor of t and 36.
9
Let g(b) = b**2 - 7*b + 9. Let j be g(6). Suppose -4*u - 55 = -l, j*u + 4 = 2*u. Let k be 14 - 2/(4/2). What is the greatest common divisor of l and k?
13
Suppose w = 2*w. Suppose -4*o + 2*q + 62 = w, 5*o - 71 - 6 = 3*q. What is the highest common factor of 144 and o?
16
Suppose 13 = 2*k - 4*v - 71, -4*k - 2*v = -168. What is the highest common divisor of 28 and k?
14
Suppose a + 1 = -1. Let d be a/((-15)/13 - -1). What is the highest common divisor of 78 and d?
13
Let n be ((-432)/32)/(38/(-32) + 1). Let t = 22 - 13. What is the greatest common divisor of n and t?
9
Let k be 2/4 - 53/(-2). Let c = 50 - k. Suppose -3 = -2*t + c. Calculate the highest common divisor of 13 and t.
13
Let z = -20 - -29. Suppose z = 4*o - 3*o. Calculate the highest common factor of o and 81.
9
Let r be (1 + 18)*(-5)/10*-4. Calculate the greatest common factor of 304 and r.
38
Let n = -37 - -58. Calculate the highest common divisor of 84 and n.
21
Let a(f) = -9*f - 31. Let m(r) = -5*r - 15. Let u(i) = -4*a(i) + 7*m(i). Let q be u(-9). Calculate the highest common factor of q and 100.
10
Let b(x) = 11*x + 109. Let k be b(-5). Let n(g) = 6*g. Let o be n(3). Calculate the highest common divisor of o and k.
18
Suppose 0 = 2*l - 4*q - 324, 4*q - 7 = -27. What is the highest common divisor of l and 19?
19
Let u = 21 + -14. Suppose -o - 5 = -2*w, 27 = 5*w - o + u. Let t = w - 1. What is the greatest common divisor of 6 and t?
2
Suppose 2 = 2*j + v, 14 = 3*j - 3*v - 7. Suppose j*n - 48 = -0*n. Let q be (n/6)/((-12)/(-18)). What is the greatest common divisor of 16 and q?
4
Let k be 6 + (-2)/((-2)/(-1)). Suppose -4*m = 3*x - k*m - 46, 0 = m + 4. Suppose 0 = 6*l - 22 - 62. Calculate the highest common divisor of l and x.
14
Suppose 6*a - 4*s = 5*a - 4, 4*a - 4*s = -28. Let n be (a - -7)*(1 - 0). Let v = n - -2. Calculate the highest common factor of 4 and v.
1
Suppose 11*t = 14 + 30. Calculate the greatest common divisor of 52 and t.
4
Suppose m = 4*f - 704, -2*f = -0*f + 2*m - 352. Calculate the greatest common divisor of f and 16.
16
Suppose 9 - 27 = -d. Suppose 0 = 5*s - 15, b + d = -2*b + 4*s. Let q be b/(-6) - (-40)/15. Calculate the greatest common divisor of q and 9.
3
Let p be (-16)/3 + 10/(-15). Let a(y) = -3 + y**2 + 3*y - 1 - y. Let x be a(p). What is the greatest common factor of x and 30?
10
Suppose c - 2*c + 35 = 0. What is the greatest common divisor of c and 35?
35
Let w be 27 + 2 - -1 - 0. Let x(h) = -h**2 + 16*h + 37. Let v be x(17). Calculate the greatest common factor of v and w.
10
Let z = -10 + 7. Let h be 3 + z + 1 + 16. What is the greatest common factor of h and 136?
17
Let x = -8 + 19. What is the highest common factor of x and 44?
11
Suppose -5*u - 11 - 4 = 0. Let n = u + 8. Suppose -133 = -n*b - 43. What is the greatest common factor of b and 3?
3
Let b = -11 + 25. Let u be 4/14 - (-52)/b. Let d be (-8)/(-6) - 48/(-18). What is the greatest common factor of d and u?
4
Suppose -5*x - u = -115, x - 4*u - 46 = -2*x. Let h(n) = n + 6. Let i be h(5). Calculate the highest common divisor of i and x.
11
Suppose 2*d - 5*d = -300. Calculate the greatest common divisor of d and 40.
20
Let f = 14 + -1. Calculate the highest common divisor of 65 and f.
13
Let k = 119 + -75. What is the greatest common factor of 77 and k?
11
Suppose p + 16 = 5*p. Suppose 5*q - 8 = 2*j - p*j, -4*q = 0. Calculate the highest common divisor of 8 and j.
4
Let p(n) = -n**2 - 6*n - 1. Let t be p(-4). Calculate the greatest common divisor of 28 and t.
7
Let k = 159 + -95. What is the greatest common factor of 80 and k?
16
Suppose -8 = 2*c - 56. Let y = 9 + c. What is the greatest common factor of 99 and y?
33
Let r be (-2)/((102/(-36))/17). Calculate the highest common factor of r and 12.
12
Suppose -12*u + 9*u + 174 = 0. Calculate the greatest common factor of 638 and u.
58
Suppose 0 = -14*u + 9*u - 140. Let y be 8/u + 2547/21. Suppose -5*r = -23 - 32. Calculate the highest common divisor of r and y.
11
Let k be (10/(-8))/((-1)/52). What is the highest common factor of 26 and k?
13
Let c(w) = 48*w**3 + w**2 - w - 1. Let q be c(-1). Let o = -7 - q. Calculate the highest common divisor of 20 and o.
20
Suppose 2*a = 6*a - 120. Suppose 0 = 3*g + 1 - 10. Suppose 4*d - 170 = 5*t, g*d - 2*t = 145 - 14. Calculate the highest common divisor of a and d.
15
Let g(s) = s + 2. Let v be g(6). Calculate the greatest common factor of 4 and v.
4
Let s(l) = l + 6. Let x be s(-3). Suppose r - x - 18 = 0. What is the greatest common divisor of 3 and r?
3
Suppose 5*a - 485 = -2*l, -2*a - 2*l - 208 = -4*a. Calculate the highest common divisor of 11 and a.
11
Let y(k) = -2*k**3 + 7*k + 10. Let d be y(-4). What is the greatest common divisor of d and 10?
10
Suppose -2*d + 5*u - 4 = 0, d - 9 = -2*u - u. Suppose 2*w - 3*b = 21, 0*b + d*b - 3 = 0. Calculate the highest common divisor of 6 and w.
6
Suppose 0 = -3*y + 8*y - 20. Suppose y*u = 2*u + 8, -4*l + 4*u = 0. Suppose 3*w - l*w + 4 = 0. What is the highest common factor of 8 and w?
4
Suppose -14*o = -10*o - 72. What is the greatest common divisor of 12 and o?
6
Suppose 3*k - 60 = 105. Calculate the highest common factor of k and 22.
11
Let m(s) = -s**3 - 6*s**2 + 3. Let w be m(5). Let h = 492 + w. What is the highest common factor of 20 and h?
20
Suppose -5*o + 3 = 2*g - 7, -20 = 4*g. Suppose o*p - 105 = 35. What is the highest common divisor of p and 7?
7
Let c(x) = x**3 + x**2 + 2*x + 1. Let b be c(2). Let m = -48 - -15. Let a = m + 84. Calculate the greatest common divisor of a and b.
17
Suppose 0 = 2*o - 36 + 22. Calculate the greatest common factor of o and 1.
1
Suppose 0*i = 5*i - 10. Suppose i*d - y - 111 = 0, -y - 24 - 31 = -d. Calculate the greatest common factor of 140 and d.
28
Let p be 27 + (5/(-3) - (-6)/(-18)). Calculate the greatest common divisor of 100 and p.
25
Let y(s) = s**3 - 9*s**2 - 11*s + 8. Let g be y(10). Let b be (-2)/((-60)/27 - g). Calculate the greatest common factor of b and 9.
9
Suppose -5*z + 18 = -22. Let t be ((1 - -1)*1)/1. Calculate the highest common divisor of z and t.
2
Let t(l) = 4*l**3 - 7*l**2 + 6*l - 6. Let v be t(4). Let j = v + -63. Calculate the greatest common divisor of j and 11.
11
Let m = 25 + -131. Let v = m + 148. Suppose -v = -2*i - 0*i. Calculate the highest common divisor of 3 and i.
3
Let v(s) = s + 4. Let b be v(0). What is the highest common divisor of b and 8?
4
Let a(t) = t + 4. Let i be a(5). Let u be -1 + 11 + 0/(-1). Suppose u + 8 = q. Calculate the greatest common factor of q and i.
9
Let k be (2 + -3)/(2/(-4)). Let v(l) = 2*l + 2. Let u be v(k). Suppose 3*j + 2*i = 206, 0*i - 62 = -j + i. Calculate the highest common divisor of j and u.
6
Suppose 9*q - 135 = -0*q. Calculate the highest common divisor of 25 and q.
5
Let u be (-36 + 48)/(0 + 3/2). What is the highest common factor of u and 32?
8
Suppose 3*j - 2*d = -4*d + 43, 4*j = -4*d + 60. What is the highest common factor of 26 and j?
13
Let q be (7/3 + -2)*6. Let u = 7 + q. Calculate the greatest common divisor of 45 and u.
9
Let n(t) = 6*t + 2. Let o(z) = -z**3 - 4*z**2 - 2*z - 6. Let d be o(-4). Let v be n(d). What is the greatest common factor of v and 112?
14
Suppose 0 = w - 6*w - 75. Let y = w - -29. Let g = 32 - y. What is the highest common factor of g and 45?
9
Suppose 5*r = 5 + 5. Let q be r/(-1) + -95 + 2. Let f be q/(-10) - (-2)/4. What is the greatest common factor of f and 90?
10
Let f be (1 + -6)*60/(-25). What is the greatest common factor of f and 60?
12
Suppose 0 = m + 3*x - 4*x - 7, 4*m - 25 = 3*x. Suppose -d + 5*q + 22 = 0, m*q + 89 = 3*d + 2*d. Calculate the highest common divisor of 136 and d.
17
Let b be (-8)/36 - (92/(-9) - 0). Let f = 69 + -19. Calculate the highest common fac